e
Suppose -2 + 4 = 5*j + 3*x, 2*x + 4 = 2*j. Suppose j = a + 5. Is (268/6)/(a/(-6)) prime?
True
Let c = -4 + 151. Let g = c - 44. Is g composite?
False
Suppose -2*k + 0 = 8. Let s = 6 + k. Suppose 4*h - 54 = s*m, 7*m + 26 = h + 4*m. Is h a composite number?
False
Let m(v) = -23*v**2 + 1. Let k(q) = -68*q**2 + q + 3. Let c(j) = 2*k(j) - 7*m(j). Suppose -6*g - 14 = -3*i - 2*g, -5*i + 16 = -3*g. Is c(i) a prime number?
True
Let g be (12/3)/(-2) - -7. Let b be ((-6)/g)/(3/(-10)). Suppose b*u - 8 - 21 = 5*n, -3*n + 20 = u. Is u composite?
False
Suppose -f + 96 = s - 335, 4*s = 4*f + 1756. Suppose -s = -6*q + q. Is q prime?
False
Let o(a) = 293*a - 68. Is o(15) composite?
False
Is 1556/(-8)*(1 - 2 - 1) composite?
False
Let k be 0/(1 - 2 - -3). Suppose k = -2*y + 5 + 3. Suppose 97 = 5*a - 3*d - 28, -5*a + y*d + 125 = 0. Is a composite?
True
Let h(n) = 25*n**2. Let u be h(-1). Let j = u + -11. Is j a prime number?
False
Let n = 243 + -125. Is n a composite number?
True
Is (-1*(-4413)/6)/((-2)/(-20)) a composite number?
True
Suppose -815 = -5*w - 5*x, -5*w + 777 = -5*x - 38. Is w a composite number?
False
Let k(o) be the third derivative of 29*o**4/24 - o**3/2 - 4*o**2. Is k(2) a composite number?
True
Let v be (-1 + (-2)/(-6))*-3. Let m be 276/(-9)*(-3)/v. Suppose -5*s = -7*s + m. Is s a prime number?
True
Suppose -3*y - 2*u - 197 = 0, -3*y + 2*u - 139 = 54. Let q = y + 335. Suppose -2*k + 3*d = -0*k - 136, -4*k = -5*d - q. Is k a composite number?
True
Let c be 0 + -2 - (-1 - 3). Suppose 758 = c*z - 4*m, z = -0*m - 3*m + 379. Is z a composite number?
False
Suppose -614 = -3*i - 74. Suppose -3*l + i = -0*l. Suppose 3*b = 9 + l. Is b a prime number?
True
Let x be -3*(-2)/(-3) + 97. Let a = x - 24. Is a prime?
True
Let b = 620 - 291. Is b a composite number?
True
Let i = 67 - 32. Is i a prime number?
False
Let f(z) = 733*z + 3. Is f(2) prime?
False
Let f be 4*(-3)/(-3) - 0. Suppose -r + 0 + f = g, -r = -g. Is (g + 1)*111/9 a composite number?
False
Suppose -h - 7 = -2*w, 0 + 16 = 4*w. Let q = h + -2. Is -1 + 55 + q + 0 a composite number?
False
Let u(n) be the second derivative of -n**6/120 + n**5/120 - n**4/6 - 2*n. Let c(l) be the third derivative of u(l). Is c(-4) a prime number?
False
Suppose -b = 5*p + 1056, 425 = -3*p + 2*b - 206. Let l = -15 - 67. Let q = l - p. Is q a composite number?
True
Let z be (12/9 - 2)*-6. Suppose d - z*g - 53 = 0, 5*d + 3*g - 246 = 4*g. Is d prime?
False
Let k = 42 + -2. Suppose -3 = o - k. Is o composite?
False
Let t = 7 + -9. Let s be (4/6)/(t/(-24)). Let z = s + 17. Is z prime?
False
Let v = -5 - 0. Let k = 2 - v. Is k composite?
False
Is (-1 + 12)*(15 + -10) prime?
False
Suppose 5*u - 697 = -247. Let v(g) = g - 4. Let k be v(4). Suppose 5*c = -k*c - 5*y + u, -15 = -3*y. Is c composite?
False
Suppose 2*l + 4*r = 14, -l - 10 = -5*l + r. Is l prime?
True
Suppose -q - 10*q + 39677 = 0. Is q composite?
False
Suppose 2*y = -y - 9. Let x = y - -65. Is x prime?
False
Let u(v) = -20*v**2 - 14*v + 1. Let d(f) = 7*f**2 + 5*f. Let h(w) = 17*d(w) + 6*u(w). Let b be h(0). Suppose b*o - 84 = 2*o. Is o a composite number?
True
Let u(l) = 16*l**2 - 2*l - 7. Suppose t + 17 = -4*s - 11, t - 14 = 3*s. Is u(s) a composite number?
True
Suppose 0 = -m - 1 - 3. Let p be m/14 + 177/7. Is 1 - -1*(p - 1) a prime number?
False
Suppose 0 = -3*k - 2*k + 595. Is k prime?
False
Let x(h) = 2*h**2 + h + 1. Let z be x(-1). Is (34 + z)/1 + -3 composite?
True
Suppose 0 = 3*g + 3*q - 24, q - 20 = -4*g - 0. Suppose -g*h + 7*h - 435 = 0. Is h composite?
True
Let n(d) = d - 5. Let z be n(6). Let f = z + 7. Let j = 3 + f. Is j prime?
True
Let u be (-3)/(-2)*(-16)/(-3). Suppose -3*s + 3 = -o, -7 = -5*s + u. Is o a prime number?
False
Let i be 3*-3*248/(-36). Let u = 56 + i. Is u composite?
True
Suppose 0 = u - 42 - 53. Suppose j - 2*j = -u. Is j prime?
False
Let y = 11 + -11. Suppose -5*q - 3*h + 4*h + 633 = 0, 0 = -4*h + 8. Suppose a = 5*d + 74, y*a - 4*d + q = 3*a. Is a a prime number?
False
Let i(v) = 4 - 2*v**2 + 0*v**2 + 2 + 2*v**3 + v. Let g be i(5). Let n = 300 - g. Is n a prime number?
True
Let d(g) = 12*g**2 + 11*g + 27. Is d(-26) a composite number?
False
Let o(w) = -212*w - 11. Is o(-5) prime?
True
Is (2225/(-15) - 0)*-3 a composite number?
True
Is (51/6)/((-4)/(-56)) prime?
False
Let z(d) = d**2 - 3. Let c be z(-3). Let u = 5 + 0. Let l = u + c. Is l a composite number?
False
Suppose -3*i - 97 = 119. Let d = 295 + i. Is d prime?
True
Let p(z) = -z**3 - 5*z**2 + 9*z + 4. Let n be p(-7). Suppose -48 = -3*d + 2*s, s = 4*d - 25 - n. Suppose -514 = -2*a - d. Is a a composite number?
True
Let s(y) = 115*y**2 + 2*y + 4. Let t be s(-2). Suppose 0 = 8*k - 12*k + t. Is k prime?
False
Let g = 2 + 3. Let k(j) = g*j**2 - 3*j**2 + 4*j - 2*j. Is k(-2) a composite number?
True
Let j = 866 + -187. Is j prime?
False
Let t(h) = 11*h**2 + 3*h + 11. Is t(-6) prime?
True
Let q = -16 + 10. Let f(t) = -t**3 - 6*t**2 - 8*t - 2. Is f(q) a prime number?
False
Let s be -2*1/4*-2. Let l(v) = 9*v**2 - v. Let r be l(s). Let n = 11 - r. Is n composite?
False
Suppose 3051 = 4*j - 2225. Is j a prime number?
True
Let l(o) = 34*o + 2. Let p be l(4). Suppose 0 = -h + p + 11. Is h a prime number?
True
Let r(z) = 7*z - 1. Let u be r(1). Let g be ((-8)/u)/((-4)/12). Suppose -23 = -g*n + 37. Is n a prime number?
False
Let c = -82 + 171. Is c composite?
False
Let n(d) = -d**2 - d + 23. Let p = 3 + 0. Suppose -v - p = -4*b, 9 = -b - 0*v - 3*v. Is n(b) composite?
False
Suppose -5*a = 2*x - 6, -21 = -5*x - 4*a - 6. Suppose -1 = x*s - 67. Is s composite?
True
Let f(n) = 121*n**2 - 5*n - 3. Let j(g) = 121*g**2 - 6*g - 4. Let k(p) = 5*f(p) - 4*j(p). Is k(1) composite?
True
Suppose 3*f = -0*f + 5*s + 912, 2*s + 6 = 0. Is f a composite number?
True
Let u(p) = 6*p**2 - 4*p - 1. Let r = -3 + 8. Suppose r*b - 12 - 8 = 0. Is u(b) a composite number?
False
Suppose -9*z - 26 - 10 = 0. Suppose -892 = 3*k - 298. Is z - -7 - (k + 0) composite?
True
Let o(c) = 5*c**2 + 4*c - 7. Let h be o(-9). Suppose -2*l = -4*l + h. Is l a prime number?
True
Let c(o) = -4*o - 1 + 68*o**2 + 23*o**2 + 0*o + 3*o. Is c(-1) a composite number?
True
Suppose -4*f - 296 + 1692 = 0. Suppose -f = -2*g - 27. Is g prime?
False
Let i = -4 + 4. Suppose 0*c + 3*c + 6 = i. Is -1*111/(c - 1) a composite number?
False
Let s(v) = v**3 - 4*v**2 + 3*v + 3. Let m be s(3). Suppose -q = -m*q. Suppose -i - 16 + 93 = q. Is i prime?
False
Let l = -29 - -52. Is l composite?
False
Let y be (-9)/5 - (-5)/(-25). Let p(d) = 41*d + 17. Let k(h) = -27*h - 11. Let l(z) = 8*k(z) + 5*p(z). Is l(y) a prime number?
True
Suppose -4*j + 4*a + 24 = 0, 18 = 2*j - 4*a - 0*a. Suppose -j*h + 2*q = -0*q - 167, -q = 1. Is h a composite number?
True
Suppose 146 = -0*p + p. Let n(i) = i**3 + 2*i**2 - 3*i + 4. Let u be n(-3). Suppose b - 53 = -5*a, u*b - 2 = -4*a + p. Is b a prime number?
False
Let a(f) = -4*f**3 - 11*f**2 + 5. Let d(r) = 4*r. Let z be d(1). Let b(y) = -3*y**3 - 10*y**2 - y + 5. Let t(w) = z*a(w) - 5*b(w). Is t(6) a prime number?
False
Suppose 0 = -6*c + 3*c + r, 4*c = 3*r. Suppose -2*o - 9 = h, 2*o - 7*o - 24 = 2*h. Is c - -3*(-92)/o a prime number?
False
Let o(s) = -s**3 - 2*s**2 + 5*s + 1. Is o(-6) a prime number?
False
Suppose 9 = -l - 0*o + 5*o, 3*o - 11 = -5*l. Is 1/(672/669 - l) composite?
False
Let v(k) = -2*k**3 - 4*k**2 + 5*k + 11. Is v(-4) composite?
True
Is (-2 + 0 + -335)/(-1) composite?
False
Suppose -3*f - 4*r + 35 = 13, 2*f - 2*r = -4. Suppose 3*g - 325 = 4*x, -f*x + 5 = -5. Is g prime?
False
Suppose j - 40 = 6*j. Let g(d) = -5*d + 8 - 4*d + 3*d - 1. Is g(j) a composite number?
True
Suppose -3 = q - 16. Suppose 3*c - q = -2*p, 0*p = p + c - 5. Suppose -5*r = 2*m - 134, p*r = m - 2*m + 54. Is r a composite number?
True
Suppose -5*t + 4*m = -10*t + 4377, 0 = 4*m + 8. Is t composite?
False
Let b = -3493 - -4964. Is b a prime number?
True
Let i(v) = -147*v - 5. Is i(-2) a prime number?
False
Suppose -3*u - 1932 = -4*n + 10333, -3*n + 9202 = u. Is n prime?
True
Let z(j) = 3*j - 1. Let k be z(2). Let y(d) = 20*d - 11. Is y(k) a prime number?
True
Let f(o) = -o**2 - 6*o + 1. Let a be f(-5). Let l(k) be the first derivative of k**4/4 - 2*k**3 + 3*k**2/2 + 5*k - 4. Is l(a) composite?
False
Suppose -5*v + 2*m + 2703 = 3*m, 3*v = -m + 1621. Is